of v**2/2 - 3*v + 14. Calculate u(4).
1
Let c(v) be the second derivative of v**5/20 + v**4/6 - v**3/6 - v**2/2 - 35*v. What is c(2)?
13
Let f = 5 + -8. Let v(d) = 0*d**2 - 5*d + 2*d**2 + d**3 + 2*d + 4 - 1. Give v(f).
3
Let t(n) be the first derivative of -n**3/3 - 9*n**2/2 - 8*n - 3. Determine t(-9).
-8
Let s(p) = 3*p**2 - 3 - p + 2*p - 8*p**2 + p**3. Let q be (40/(-24))/(2/(-6)). Give s(q).
2
Let y = 2 + 1. Let w = 0 - -2. Let v(b) = 2*b**2 - w*b - 5 - b**2 + y. Determine v(-2).
6
Let u(c) = -c**2 + 1. Let x(n) = -2*n**2 - 3*n + 4. Let o(j) = -u(j) + x(j). Suppose -3*i = -1 - 5, i - 12 = -5*d. Determine o(d).
-7
Suppose -f = -6*f + 20. Suppose f*d + 8 = 0, -v - 2*d + 19 - 5 = 0. Suppose 0 = 5*r + 3*j + v, 0*j = -r + 3*j. Let k(q) = q**2 + 5*q. What is k(r)?
-6
Let x(c) = c + 1. Let d(q) = 9*q + 6. Let h(t) = -d(t) + 5*x(t). What is h(4)?
-17
Let b(q) = -q + 1 + 2*q - 2*q. Give b(-6).
7
Let o(q) = -q**2 + 6*q + 2. Suppose 7*r - 130 + 18 = 0. Let c = -12 + r. What is o(c)?
10
Let w(n) = -n**2 + 5*n - 1. Suppose -4 - 4 = -2*r. Suppose 5*p = 3*u - 29 - 7, p - r*u = 3. Let h be -18*(1 + 2)/p. What is w(h)?
-7
Let a be (-2)/3 - (-8)/3. Let s(j) = j. Let p(l) = 9*l - 3. Let i(b) = -p(b) + 3*s(b). Give i(a).
-9
Suppose 4*n = 8 + 4, a + 3*n = 4. Let c = 10 - 6. Let k(r) = 4 - 1 + r**2 + c*r - 1 + 2*r. Give k(a).
-3
Let f(o) = -13*o - 10*o + 24*o - 1. What is f(-4)?
-5
Suppose 5 = -5*a, 3*m + a = -4 + 3. Let o(g) = -g**3 + 1 + g - g**2 - 2*g**2 + m. Suppose -3*n + 2*n - 3 = 0. Give o(n).
-2
Let c(o) be the first derivative of 0*o + 0*o**3 + 1/4*o**4 - 1/2*o**2 + 2. Suppose j + j = 0. Give c(j).
0
Let i(o) = -9*o + 48. Let r be i(6). Let d(a) = a**3 + 5*a**2 - 7*a - 4. Calculate d(r).
2
Let y(i) = -i**3 - 6*i**2 - 6*i + 4. Suppose 0 = -2*l - 3*l + 10. Suppose -l*d + 3 = -d. Suppose d*f - 3*x + 4 = -11, -f + 2*x - 5 = 0. Calculate y(f).
9
Let u(d) = -d + 6. Let h(v) = 2*v**2 + v - 2. Suppose -8*t - 15 = -3*t. Let w be h(t). Suppose -2*j - 2*n + 7 = -w, -4*n = -20. What is u(j)?
1
Let d = 3 + 13. Suppose 0 = -4*n - 14 - 30. Let t = d + n. Let c(f) = f - 6. Give c(t).
-1
Let b(s) = -3*s**3 - 5*s**2 + 23*s - 8. Let k be (1 - (-12)/(-1))/(-1). Let h(q) = q**3 + 2*q**2 - 8*q + 3. Let m(a) = k*h(a) + 4*b(a). What is m(3)?
4
Let f be (-57)/(-9) + (-4)/(-6). Suppose -b = 3*g + f - 19, -2*b - 8 = -2*g. Let w(u) = -2*u**3 + 8 + 3*u**3 + b*u + 0*u - 6*u**2. Calculate w(6).
8
Let g = -1 - 0. Let v(x) = 5*x**3 + 2*x + 4. Let s(f) = -35*f**3 - 15*f - 30. Let z(b) = 2*s(b) + 15*v(b). Determine z(g).
-5
Let f(t) = 1 + t - 5*t - 4*t - 3*t. Let x = -1 + 2. Determine f(x).
-10
Let c(d) be the third derivative of -d**5/60 + d**3/3 - 2*d**2. Suppose 0 = 7*l - 5*l. Calculate c(l).
2
Let z(i) = i**2 + 3*i - 3. Suppose -2*a - 55 = -3*a. Suppose 0 = -0*t + 4*t + 3*q + 45, 0 = 4*t + q + a. Let s be 40/t + 2/(-6). Calculate z(s).
-3
Let z(j) = -j**2 - 2*j - 2. Suppose 0 = 3*b + 2 - 32. Suppose 3*s + 2*s = -b. Determine z(s).
-2
Let u(q) = 2*q**3 + 3*q**2 + q + 1. Suppose k = -0*k + 5. Let y(o) = o - 2. Let c be y(k). Suppose 6 = -c*z - 3*f, -6 = 4*z - f + 2. Determine u(z).
-5
Let w = -3 + 9. Let a(l) be the second derivative of -l**5/20 + l**4/2 + l**3/3 - 5*l**2/2 + 8*l. Give a(w).
7
Let k(y) be the third derivative of y**6/60 + y**5/60 - y**4/24 + y**3/6 - 4*y**2. Calculate k(-2).
-9
Let y be (-12)/(-3 + 6) + 2. Let x(q) be the first derivative of q**2/2 - q + 1. Let t(h) = -3*h + 3. Let p(w) = y*t(w) - 7*x(w). Calculate p(5).
-4
Let c(f) = -f + 4. Let p = 56 + 1. Let m = p - 38. Let l be (-1)/(-4) + m/4. Determine c(l).
-1
Let y(t) = -3*t + 5 - 9*t - 5*t + 16*t. Let x(a) = 5*a**2 + a. Let h be x(-1). Give y(h).
1
Let c = 134 - 132. Let p(g) = g**3 + 3*g**2 - 2*g + 3. Calculate p(c).
19
Let a(n) = -20*n + 12*n - 1 + n**2 + 9*n. Suppose 0 = 2*u + 4 + 2. Determine a(u).
5
Let g(j) = -1 + 2*j + j**2 + 2*j**2 + 7*j**3 - 4*j**2. Let f be (0 - -1)/(6/(-18)). Let o be 2 - (4/1 + f). Give g(o).
7
Let b(a) be the third derivative of 0*a + 0 - 1/60*a**5 + 1/24*a**4 - 3*a**2 + 0*a**3. Give b(-2).
-6
Let k = -1 + 3. Let v(s) = s**3 + 8*s**2 + 2. Let f be v(-8). Let j(d) = 4 + d + 3*d**f - 2 + k*d. Determine j(-2).
8
Let p be (-2)/4*(0 + 4). Let t = -1 - -3. Let s(b) = -2*b**3 - b**3 + 2*b**t + 1 - b + 7*b**3 - 2*b**3. Calculate s(p).
-5
Let m = 6 - 12. Let p(q) = -q**3 - 7*q**2 - 5*q - 1. Give p(m).
-7
Let z(h) be the second derivative of -h**5/60 + h**4/8 + 2*h**3/3 - 5*h**2/2 - 6*h. Let s(n) be the first derivative of z(n). Give s(4).
0
Let x(h) be the second derivative of -h**6/360 + 7*h**5/120 - h**4/4 - h**3/6 + 4*h. Let p(z) be the second derivative of x(z). Determine p(5).
4
Suppose 27 = 2*p + 15. Let w(t) = t**3 - 6*t**2 - 8. Calculate w(p).
-8
Suppose -x = 2*x - 39. Suppose -2*k - 1 = -x. Let w(q) = -q**2 + 8*q - 7. Determine w(k).
5
Let t(v) = -v**3 + 14*v**2 - 13*v - 6. Let i be 4 + (3/(-3))/((-5)/45). What is t(i)?
-6
Let x(a) = -a. Let l(k) = -k - 1. Let v(t) = -6*l(t) + 5*x(t). Determine v(-3).
3
Let x(a) = -a. Let o be (2/(-6))/((-1)/48). Suppose -3*i + o = 2*z, -3*z - 2*z + 23 = -i. Give x(i).
-2
Let i = -3 + 6. Let x(z) be the second derivative of 0 - 2*z**2 - 1/6*z**3 + 2*z. Determine x(i).
-7
Let i(r) = r**2 + 4*r - 4. Let u be ((-2)/(-9) - 276/270)*5. What is i(u)?
-4
Let g(i) be the second derivative of -i**5/20 - i**4/3 - i**3/6 + i**2 + 18*i. Give g(-3).
-4
Let l(q) = 2*q - 2. Let i be (-16)/5 - (-4)/20. Let z(m) = 2*m - 2. Let c(v) = i*z(v) + 2*l(v). Calculate c(4).
-6
Let a(y) = 6*y - 1. Let p(l) = l. Suppose 7*s - 4 = 5*s. Let h(t) = s*a(t) - 14*p(t). Calculate h(-5).
8
Let n(o) = o - 10. Suppose 35 = -3*f - 2*f. Give n(f).
-17
Suppose -7 = d + 2. Let i(l) = -5*l**3 + 6*l. Let z(j) = -11*j**3 + 13*j. Let v(f) = d*i(f) + 4*z(f). Determine v(2).
4
Let w(u) be the third derivative of 0 - 1/6*u**3 + 0*u + 1/30*u**5 + 1/12*u**4 + 2*u**2. Suppose -7*i + 5 = -2*i. Calculate w(i).
3
Suppose -4*h = 2*x - 2, -3*h - 11 = 2*x - 3*x. Let c(r) = -2*r**2 - 3*r. Give c(h).
-2
Suppose 0 = -0*h - 4*h + 20. Let n(k) = -2*k - 6. Let r(v) = v + 3. Let a(g) = h*r(g) + 2*n(g). Let s(l) = -2*l + 3. Let m be s(4). What is a(m)?
-2
Let c(k) = k**3 + 2*k**2 + 3*k + 1. Let n be c(-2). Let l(q) = -q**2 - 2*q + 7. Determine l(n).
-8
Let j(x) = -x**2 - 12*x - 9. Suppose -4*i - 16 - 28 = 0. Let b be j(i). Let v(m) be the third derivative of -m**5/20 + m**4/8 - m**2. Determine v(b).
-6
Let p = 6 - 2. Let h(f) = -p*f - 2 + 1 + 3*f. Let u be (-1)/(4/(-10))*-2. Give h(u).
4
Let w(m) = -3*m**3 + 6*m**2 + 2*m - 7. Let s(l) = -13*l**3 + 24*l**2 + 8*l - 29. Let b(t) = 2*s(t) - 9*w(t). What is b(6)?
-7
Let d(i) = i + 1. Let m = -6 + 8. Let z(a) = 1 + 2 - a + m*a. Let y be z(0). Give d(y).
4
Let u(x) = x**3 - 4*x**2 + 4*x + 1. Let r(s) = -s**2 - 4*s + 3. Let k = -7 - -3. Let t be r(k). Calculate u(t).
4
Let f be (1 - 0) + -3 - -2. Let i = 4 + f. Let b(r) = -r**3 + 3*r**2 + 6*r - 6. What is b(i)?
2
Let h(l) = -l**3 + 6*l**2 - 3*l + 6. Let c(s) = 2*s**3 - 7*s**2 + 4*s - 7. Let a(z) = -2*c(z) - 3*h(z). Give a(-3).
-16
Let j(p) be the third derivative of -p**4/12 - p**3/2 + 10*p**2. Determine j(-2).
1
Let v(u) be the second derivative of -u**4/12 - 2*u**3/3 + 3*u**2/2 - u. Suppose 7*o + 4*s = 6*o - 21, -2*s - 3 = -o. What is v(o)?
-2
Let r be (6/36)/(2 + 14/(-8)). Let l(j) be the third derivative of 0 + 0*j - r*j**3 + 2*j**2 + 1/12*j**4. Determine l(3).
2
Let r be 18/4 - 1/(-2). Suppose 4 = -r*h + 6*h. Suppose h*v + 12 = -4*p + 4, 3*v = 5*p + 34. Let c(a) = a**3 + 5*a**2 - a - 6. Give c(p).
-1
Let s(j) be the first derivative of -j**2 + j - 2. Let h be ((-80)/100)/((-2)/5). Calculate s(h).
-3
Let o(r) = -r**2 - 12*r - 2. Let j be ((-4)/(-6))/((-4)/66). Calculate o(j).
9
Suppose -5*s = -8*s - 9. Let r(b) = 3*b**2 + b**2 + b - 3*b**2 + 0*b**2 + 4. Determine r(s).
10
Let z = -4 - -7. Suppose -5 = -z*n - 2. Let l(x) = -3*x + 4*x - 2*x + n. What is l(1)?
0
Let z(u) = u**2 - 4*u + 1. Suppose 4*n - 5*y - 16 = -3*y, 0 = -5*y. Give z(n).
1
Let q(i) = i**3 - 6*i**2 - 4. Suppose m - 3 = -2, 5*n + 5*m = 35. What is q(n)?
-4
Let x(n) = 5*n**3 + 12*n**2 - 6*n + 5. Let w = -46 + 33. Let l(p) = -11*p**3 - 25*p**2 + 12*p - 10. Let b(r) = w*x(r) - 6*l(r). Determine b(5).
0
Let p(u) = -u**3 + 4*u**2 + 6*u - 3. Let y be p